st common factor of 2630425 and 70.
35
What is the highest common factor of 6 and 970?
2
Calculate the greatest common factor of 3603504 and 96.
48
Calculate the greatest common divisor of 42 and 115680.
6
What is the greatest common factor of 16320 and 660?
60
What is the greatest common divisor of 104300 and 560?
140
What is the highest common divisor of 154428 and 119?
17
What is the greatest common factor of 211 and 1455689?
211
Calculate the highest common factor of 13520 and 9040.
80
Calculate the greatest common divisor of 27704 and 24.
8
What is the greatest common divisor of 9565 and 49?
1
Calculate the greatest common divisor of 50 and 81190.
10
Calculate the highest common factor of 180 and 23180.
20
Calculate the greatest common divisor of 138 and 8118.
6
What is the highest common factor of 6 and 71646?
6
What is the highest common factor of 13440 and 315?
105
Calculate the greatest common factor of 650 and 1890.
10
What is the greatest common factor of 5047 and 392?
49
What is the greatest common factor of 4288 and 1007948?
268
What is the highest common divisor of 78 and 562146?
78
What is the greatest common divisor of 143 and 61061?
143
Calculate the highest common divisor of 13944 and 300.
12
What is the greatest common divisor of 9140 and 190?
10
What is the highest common factor of 174 and 1397307?
87
What is the highest common divisor of 212364 and 347?
347
Calculate the greatest common factor of 11955 and 1920.
15
Calculate the greatest common factor of 2 and 55362.
2
What is the highest common divisor of 104 and 19744?
8
Calculate the greatest common factor of 7439 and 1557.
173
What is the greatest common divisor of 146831 and 1436?
359
What is the greatest common divisor of 8375940 and 540?
540
Calculate the highest common factor of 350 and 271600.
350
Calculate the greatest common factor of 1862 and 28728.
266
Calculate the highest common divisor of 2702422 and 2074.
2074
Calculate the highest common divisor of 15980 and 140.
20
What is the greatest common factor of 1082417 and 202?
101
What is the greatest common divisor of 29010 and 1350?
30
Calculate the highest common divisor of 203217 and 399.
21
Calculate the greatest common factor of 5270 and 8534.
34
What is the greatest common divisor of 15272 and 13064?
184
Calculate the greatest common factor of 34176 and 3.
3
What is the greatest common factor of 425241 and 333?
333
Calculate the greatest common divisor of 120471 and 117.
39
What is the greatest common factor of 1824 and 27648?
96
Calculate the highest common factor of 96635 and 110.
55
Calculate the greatest common divisor of 308828 and 52.
52
What is the highest common factor of 585 and 3422835?
585
Calculate the greatest common factor of 3686 and 2134.
194
What is the greatest common divisor of 322 and 236946?
46
Calculate the greatest common divisor of 31212 and 162.
54
Calculate the highest common divisor of 390 and 800220.
30
What is the greatest common divisor of 96 and 525?
3
What is the highest common divisor of 17 and 2598943?
17
What is the highest common factor of 78 and 23439?
39
Calculate the highest common divisor of 184471 and 3610.
361
Calculate the highest common divisor of 17016 and 120.
24
Calculate the highest common factor of 2645 and 621.
23
What is the greatest common divisor of 95328 and 4896?
288
What is the greatest common factor of 22272 and 174?
174
What is the highest common factor of 26319 and 1891?
31
Calculate the greatest common divisor of 68 and 56049.
17
What is the highest common factor of 515682 and 72?
18
Calculate the highest common factor of 214 and 1478098.
214
What is the greatest common factor of 5535 and 18245?
205
Calculate the highest common factor of 22230 and 1273.
19
Calculate the greatest common divisor of 120 and 2748.
12
What is the greatest common divisor of 90192 and 48?
48
Calculate the greatest common divisor of 118183 and 13.
13
Calculate the greatest common factor of 269 and 295093.
269
Calculate the highest common divisor of 1488174 and 1164.
582
Calculate the greatest common factor of 12 and 11422212.
12
What is the greatest common divisor of 78 and 291369?
39
Calculate the greatest common divisor of 2214 and 6809157.
1107
Calculate the highest common divisor of 1098752 and 64.
64
Calculate the highest common factor of 13 and 1289509.
13
Calculate the highest common factor of 63802 and 434131.
1387
What is the highest common factor of 26682 and 6?
6
Calculate the greatest common divisor of 44541 and 171.
9
Calculate the highest common factor of 1930 and 5910.
10
What is the highest common factor of 8218 and 14?
14
What is the highest common divisor of 3025 and 525?
25
What is the greatest common factor of 17050 and 60?
10
Calculate the greatest common factor of 6 and 3039492.
6
What is the greatest common divisor of 1692 and 2476?
4
What is the greatest common divisor of 161 and 60263?
7
Calculate the greatest common divisor of 1540 and 89100.
220
What is the highest common factor of 162 and 282?
6
Calculate the greatest common factor of 1062 and 6480.
18
What is the greatest common divisor of 103 and 123703?
103
Calculate the greatest common divisor of 5015 and 9265.
85
Calculate the highest common factor of 32918 and 3473.
151
Calculate the highest common divisor of 1948 and 53083.
487
Calculate the highest common divisor of 1493764 and 148.
148
Calculate the greatest common divisor of 8344 and 1512.
56
What is the greatest common divisor of 1972 and 38947?
493
Calculate the greatest common divisor of 1356 and 292.
4
What is the greatest common factor of 15 and 992415?
15
What is the greatest common divisor of 1776 and 722?
2
Calculate the highest common factor of 4590 and 8355.
15
Calculate the highest common divisor of 2177 and 6293.
7
What is the highest common factor of 31 and 97247?
31
What is the highest common factor of 117710 and 6?
2
What is the greatest common divisor of 8970755 and 89?
89
What is the greatest common divisor of 21170 and 290?
290
What is the greatest common divisor of 1426 and 39370?
62
What is the highest common divisor of 688241 and 1563?
521
Calculate the highest common factor of 8576 and 5896.
536
Calculate the greatest common factor of 16702 and 126.
14
What is the highest common divisor of 130 and 55300?
10
What is the greatest common factor of 14 and 54089?
7
What is the highest common factor of 378102 and 1431?
159
Calculate the highest common divisor of 1606462 and 137.
137
Calculate the highest common factor of 322 and 51037.
161
What is the greatest common factor of 3265 and 70?
5
What is the highest common factor of 296956 and 9537?
187
What is the greatest common factor of 17427 and 333?
111
Calculate the greatest common factor of 152 and 2906392.
152
Calculate the greatest common factor of 244 and 10126.
122
What is the greatest common factor of 272234 and 632?
158
What is the highest common factor of 636 and 714387?
159
Calculate the greatest common divisor of 2817 and 1152.
9
Calculate the highest common divisor of 162976 and 704.
352
Calculate the highest common factor of 67134 and 134.
134
What is the greatest common divisor of 548766 and 2838?
258
Calculate the greatest common factor of 644301 and 1764.
441
Calculate the highest common factor of 6634 and 13733.
31
What is the highest common factor of 14440 and 71440?
760
What is the greatest common divisor of 378 and 48447?
63
Calculate the greatest common divisor of 6204 and 330.
66
What is the highest common factor of 4980 and 285?
15
Calculate the highest common factor of 12 and 147136.
4
What is the highest common divisor of 25 and 1445?
5
Calculate the greatest common factor of 91664 and 64.
16
Calculate the greatest common divisor of 25 and 2615325.
25
What is the greatest common divisor of 247 and 11913?
19
What is the highest common factor of 403 and 3393?
13
What is the highest common factor of 63162 and 1638?
18
What is the greatest common divisor of 983549 and 574?
287
What is the highest common factor of 570 and 36?
6
Calculate the greatest common factor of 1440 and 1005.
15
What is the greatest common factor of 104 and 133666?
26
Calculate the greatest common divisor of 202 and 2815880.
202
What is the greatest common divisor of 4 